{"id":182,"date":"2014-11-24T17:29:03","date_gmt":"2014-11-24T16:29:03","guid":{"rendered":"http:\/\/cteradmin.nazwa.pl\/wp\/?page_id=182"},"modified":"2017-12-24T12:53:56","modified_gmt":"2017-12-24T11:53:56","slug":"nieformalna-jesienna-sesja-dyskusyjna","status":"publish","type":"page","link":"https:\/\/cter.edu.pl\/?page_id=182&lang=pl","title":{"rendered":"Nieformalna jesienna sesja dyskusyjna"},"content":{"rendered":"<p style=\"text-align: justify;\"><span style=\"line-height: 1.5;\">13 listop<\/span><span style=\"line-height: 1.5;\">ada 201<\/span><span style=\"line-height: 1.5;\">4 r. <\/span><a href=\"http:\/\/cteradmin.nazwa.pl\/wp\/wp-content\/uploads\/2014\/04\/PB130454.jpg\"><img loading=\"lazy\" decoding=\"async\" class=\"alignleft wp-image-212\" src=\"http:\/\/cteradmin.nazwa.pl\/wp\/wp-content\/uploads\/2014\/04\/PB130454-300x225.jpg\" alt=\"OLYMPUS DIGITAL CAMERA\" width=\"231\" height=\"173\" srcset=\"https:\/\/cter.edu.pl\/wp-content\/uploads\/2014\/04\/PB130454-300x225.jpg 300w, https:\/\/cter.edu.pl\/wp-content\/uploads\/2014\/04\/PB130454-1024x768.jpg 1024w\" sizes=\"auto, (max-width: 231px) 100vw, 231px\" \/><\/a><span style=\"line-height: 1.5;\">w Krakowie odby\u0142o si\u0119 nieformalne s<\/span><span style=\"line-height: 1.5;\">potkanie cz\u0142onk\u00f3w Konsorcjum, na <\/span><span style=\"line-height: 1.5;\">kt\u00f3ry<\/span><span style=\"line-height: 1.5;\">m dyskutowano nad kszta\u0142tem i przysz\u0142o\u015bci\u0105 organizacji. Ustalono, \u017ce zebrania Konso<\/span><span style=\"line-height: 1.5;\">rcjum b\u0119d\u0105 organizowane raz w roku. Ponadto CTER planuje cykl szkole\u0144 i warsztat\u00f3w d<\/span><span style=\"line-height: 1.5;\">la nauczycieli przek\u0142adu. Strona internetowa Konsorcjum ma by\u0107 \u017ar\u00f3d\u0142em informacji na temat publikacji przek\u0142adoznawczych oraz miejscem wymiany pogl\u0105d\u00f3w o najnowszych kierunkach bada\u0144 w metodologii nauczania przek\u0142adu. CTER zobowi\u0105za\u0142o si\u0119 tak\u017ce, \u017ce na stronie b\u0119dzie umieszcza\u0142o informacje na temat wydarze\u0144 i konferencji przek\u0142adoznawczych.<\/span><\/p>\n<p>Nast\u0119pne spotkanie cz\u0142onk\u00f3w Konsorcjum jest planowane na marzec 2015.<\/p>\n","protected":false},"excerpt":{"rendered":"<p>13 listopada 2014 r. w Krakowie odby\u0142o si\u0119 nieformalne spotkanie cz\u0142onk\u00f3w Konsorcjum, na kt\u00f3rym dyskutowano nad kszta\u0142tem i przysz\u0142o\u015bci\u0105 organizacji. Ustalono, \u017ce zebrania Konsorcjum b\u0119d\u0105 organizowane raz w roku. Ponadto CTER planuje cykl szkole\u0144 i warsztat\u00f3w dla nauczycieli przek\u0142adu. Strona internetowa Konsorcjum ma by\u0107 \u017ar\u00f3d\u0142em informacji na temat publikacji przek\u0142adoznawczych oraz miejscem wymiany pogl\u0105d\u00f3w o &hellip; <a href=\"https:\/\/cter.edu.pl\/?page_id=182&#038;lang=pl\" class=\"more-link\">Continue reading <span class=\"screen-reader-text\">Nieformalna jesienna sesja dyskusyjna<\/span> <span class=\"meta-nav\">&rarr;<\/span><\/a><\/p>\n","protected":false},"author":1,"featured_media":0,"parent":0,"menu_order":0,"comment_status":"closed","ping_status":"closed","template":"","meta":{"footnotes":""},"class_list":["post-182","page","type-page","status-publish","hentry"],"_links":{"self":[{"href":"https:\/\/cter.edu.pl\/index.php?rest_route=\/wp\/v2\/pages\/182","targetHints":{"allow":["GET"]}}],"collection":[{"href":"https:\/\/cter.edu.pl\/index.php?rest_route=\/wp\/v2\/pages"}],"about":[{"href":"https:\/\/cter.edu.pl\/index.php?rest_route=\/wp\/v2\/types\/page"}],"author":[{"embeddable":true,"href":"https:\/\/cter.edu.pl\/index.php?rest_route=\/wp\/v2\/users\/1"}],"replies":[{"embeddable":true,"href":"https:\/\/cter.edu.pl\/index.php?rest_route=%2Fwp%2Fv2%2Fcomments&post=182"}],"version-history":[{"count":8,"href":"https:\/\/cter.edu.pl\/index.php?rest_route=\/wp\/v2\/pages\/182\/revisions"}],"predecessor-version":[{"id":3101,"href":"https:\/\/cter.edu.pl\/index.php?rest_route=\/wp\/v2\/pages\/182\/revisions\/3101"}],"wp:attachment":[{"href":"https:\/\/cter.edu.pl\/index.php?rest_route=%2Fwp%2Fv2%2Fmedia&parent=182"}],"curies":[{"name":"wp","href":"https:\/\/api.w.org\/{rel}","templated":true}]}}

<p style="text-align: justify;"><span style="line-height: 1.5;">13 listop</span><span style="line-height: 1.5;">ada 201</span><span style="line-height: 1.5;">4 r. </span><a href="http://cteradmin.nazwa.pl/wp/wp-content/uploads/2014/04/PB130454.jpg"><img loading="lazy" decoding="async" class="alignleft wp-image-212" src="http://cteradmin.nazwa.pl/wp/wp-content/uploads/2014/04/PB130454-300x225.jpg" alt="OLYMPUS DIGITAL CAMERA" width="231" height="173" srcset="https://cter.edu.pl/wp-content/uploads/2014/04/PB130454-300x225.jpg 300w, https://cter.edu.pl/wp-content/uploads/2014/04/PB130454-1024x768.jpg 1024w" sizes="auto, (max-width: 231px) 100vw, 231px" /></a><span style="line-height: 1.5;">w Krakowie odbyło się nieformalne s</span><span style="line-height: 1.5;">potkanie członków Konsorcjum, na </span><span style="line-height: 1.5;">który</span><span style="line-height: 1.5;">m dyskutowano nad kształtem i przyszłością organizacji. Ustalono, że zebrania Konso</span><span style="line-height: 1.5;">rcjum będą organizowane raz w roku. Ponadto CTER planuje cykl szkoleń i warsztatów d</span><span style="line-height: 1.5;">la nauczycieli przekładu. Strona internetowa Konsorcjum ma być źródłem informacji na temat publikacji przekładoznawczych oraz miejscem wymiany poglądów o najnowszych kierunkach badań w metodologii nauczania przekładu. CTER zobowiązało się także, że na stronie będzie umieszczało informacje na temat wydarzeń i konferencji przekładoznawczych.</span></p>
<p>Następne spotkanie członków Konsorcjum jest planowane na marzec 2015.</p>

<p>13 listopada 2014 r. w Krakowie odbyło się nieformalne spotkanie członków Konsorcjum, na którym dyskutowano nad kształtem i przyszłością organizacji. Ustalono, że zebrania Konsorcjum będą organizowane raz w roku. Ponadto CTER planuje cykl szkoleń i warsztatów dla nauczycieli przekładu. Strona internetowa Konsorcjum ma być źródłem informacji na temat publikacji przekładoznawczych oraz miejscem wymiany poglądów o &hellip; <a href="https://cter.edu.pl/?page_id=182&#038;lang=pl" class="more-link">Continue reading <span class="screen-reader-text">Nieformalna jesienna sesja dyskusyjna</span> <span class="meta-nav">&rarr;</span></a></p>
