{"id":184,"date":"2014-11-24T17:30:44","date_gmt":"2014-11-24T16:30:44","guid":{"rendered":"http:\/\/cteradmin.nazwa.pl\/wp\/?page_id=184"},"modified":"2017-12-24T00:19:01","modified_gmt":"2017-12-23T23:19:01","slug":"pierwsze-warsztaty-dla-nauczycieli-przekladu","status":"publish","type":"page","link":"https:\/\/cter.edu.pl\/?page_id=184&lang=pl","title":{"rendered":"Pierwsze warsztaty dla nauczycieli przek\u0142adu"},"content":{"rendered":"<p style=\"text-align: justify;\"><a style=\"text-align: justify;\" href=\"http:\/\/cteradmin.nazwa.pl\/wp\/wp-content\/uploads\/2014\/11\/warsztaty_memoQ.jpg\"><img loading=\"lazy\" decoding=\"async\" class=\"wp-image-204 alignleft\" src=\"http:\/\/cteradmin.nazwa.pl\/wp\/wp-content\/uploads\/2014\/11\/warsztaty_memoQ-225x300.jpg\" alt=\"OLYMPUS DIGITAL CAMERA\" width=\"126\" height=\"168\" srcset=\"https:\/\/cter.edu.pl\/wp-content\/uploads\/2014\/11\/warsztaty_memoQ-225x300.jpg 225w, https:\/\/cter.edu.pl\/wp-content\/uploads\/2014\/11\/warsztaty_memoQ-768x1024.jpg 768w\" sizes=\"auto, (max-width: 126px) 100vw, 126px\" \/><\/a>14 listopada 2014 r. w Krakowie odby\u0142y si\u0119 o\u015bmiogodzinne warsztaty dla nauczycieli przek\u0142adu pt. \u201eWprowadzenie do obs\u0142ugi i metodyki programu MemoQ\u201d prowadzone przez Pani\u0105 dr Izabel\u0119 Mrochen, certyfikowan\u0105 trenerk\u0119 memoQ. Uczestnicy zapoznali si\u0119 z najwa\u017cniejszymi funkcjami programu memoQ oraz dowiedzieli si\u0119, jak w przyst\u0119pny spos\u00f3b przekaza\u0107 t\u0119 wiedz\u0119 studentom na zaj\u0119ciach.<\/p>\n<p>Zapraszamy na nast\u0119pne warsztaty!<\/p>\n<p><a href=\"http:\/\/cteradmin.nazwa.pl\/wp\/wp-content\/uploads\/2014\/04\/PB140466.jpg\"><img loading=\"lazy\" decoding=\"async\" class=\"alignleft wp-image-223\" src=\"http:\/\/cteradmin.nazwa.pl\/wp\/wp-content\/uploads\/2014\/04\/PB140466-300x225.jpg\" alt=\"OLYMPUS DIGITAL CAMERA\" width=\"231\" height=\"173\" srcset=\"https:\/\/cter.edu.pl\/wp-content\/uploads\/2014\/04\/PB140466-300x225.jpg 300w, https:\/\/cter.edu.pl\/wp-content\/uploads\/2014\/04\/PB140466-1024x768.jpg 1024w\" sizes=\"auto, (max-width: 231px) 100vw, 231px\" \/><\/a><\/p>\n","protected":false},"excerpt":{"rendered":"<p>14 listopada 2014 r. w Krakowie odby\u0142y si\u0119 o\u015bmiogodzinne warsztaty dla nauczycieli przek\u0142adu pt. \u201eWprowadzenie do obs\u0142ugi i metodyki programu MemoQ\u201d prowadzone przez Pani\u0105 dr Izabel\u0119 Mrochen, certyfikowan\u0105 trenerk\u0119 memoQ. Uczestnicy zapoznali si\u0119 z najwa\u017cniejszymi funkcjami programu memoQ oraz dowiedzieli si\u0119, jak w przyst\u0119pny spos\u00f3b przekaza\u0107 t\u0119 wiedz\u0119 studentom na zaj\u0119ciach. Zapraszamy na nast\u0119pne warsztaty!<\/p>\n","protected":false},"author":1,"featured_media":0,"parent":0,"menu_order":0,"comment_status":"closed","ping_status":"closed","template":"","meta":{"footnotes":""},"class_list":["post-184","page","type-page","status-publish","hentry"],"_links":{"self":[{"href":"https:\/\/cter.edu.pl\/index.php?rest_route=\/wp\/v2\/pages\/184","targetHints":{"allow":["GET"]}}],"collection":[{"href":"https:\/\/cter.edu.pl\/index.php?rest_route=\/wp\/v2\/pages"}],"about":[{"href":"https:\/\/cter.edu.pl\/index.php?rest_route=\/wp\/v2\/types\/page"}],"author":[{"embeddable":true,"href":"https:\/\/cter.edu.pl\/index.php?rest_route=\/wp\/v2\/users\/1"}],"replies":[{"embeddable":true,"href":"https:\/\/cter.edu.pl\/index.php?rest_route=%2Fwp%2Fv2%2Fcomments&post=184"}],"version-history":[{"count":22,"href":"https:\/\/cter.edu.pl\/index.php?rest_route=\/wp\/v2\/pages\/184\/revisions"}],"predecessor-version":[{"id":3034,"href":"https:\/\/cter.edu.pl\/index.php?rest_route=\/wp\/v2\/pages\/184\/revisions\/3034"}],"wp:attachment":[{"href":"https:\/\/cter.edu.pl\/index.php?rest_route=%2Fwp%2Fv2%2Fmedia&parent=184"}],"curies":[{"name":"wp","href":"https:\/\/api.w.org\/{rel}","templated":true}]}}

Pierwsze warsztaty dla nauczycieli przekładu

<p style="text-align: justify;"><a style="text-align: justify;" href="http://cteradmin.nazwa.pl/wp/wp-content/uploads/2014/11/warsztaty_memoQ.jpg"><img loading="lazy" decoding="async" class="wp-image-204 alignleft" src="http://cteradmin.nazwa.pl/wp/wp-content/uploads/2014/11/warsztaty_memoQ-225x300.jpg" alt="OLYMPUS DIGITAL CAMERA" width="126" height="168" srcset="https://cter.edu.pl/wp-content/uploads/2014/11/warsztaty_memoQ-225x300.jpg 225w, https://cter.edu.pl/wp-content/uploads/2014/11/warsztaty_memoQ-768x1024.jpg 768w" sizes="auto, (max-width: 126px) 100vw, 126px" /></a>14 listopada 2014 r. w Krakowie odbyły się ośmiogodzinne warsztaty dla nauczycieli przekładu pt. „Wprowadzenie do obsługi i metodyki programu MemoQ” prowadzone przez Panią dr Izabelę Mrochen, certyfikowaną trenerkę memoQ. Uczestnicy zapoznali się z najważniejszymi funkcjami programu memoQ oraz dowiedzieli się, jak w przystępny sposób przekazać tę wiedzę studentom na zajęciach.</p>
<p>Zapraszamy na następne warsztaty!</p>
<p><a href="http://cteradmin.nazwa.pl/wp/wp-content/uploads/2014/04/PB140466.jpg"><img loading="lazy" decoding="async" class="alignleft wp-image-223" src="http://cteradmin.nazwa.pl/wp/wp-content/uploads/2014/04/PB140466-300x225.jpg" alt="OLYMPUS DIGITAL CAMERA" width="231" height="173" srcset="https://cter.edu.pl/wp-content/uploads/2014/04/PB140466-300x225.jpg 300w, https://cter.edu.pl/wp-content/uploads/2014/04/PB140466-1024x768.jpg 1024w" sizes="auto, (max-width: 231px) 100vw, 231px" /></a></p>

<p>14 listopada 2014 r. w Krakowie odbyły się ośmiogodzinne warsztaty dla nauczycieli przekładu pt. „Wprowadzenie do obsługi i metodyki programu MemoQ” prowadzone przez Panią dr Izabelę Mrochen, certyfikowaną trenerkę memoQ. Uczestnicy zapoznali się z najważniejszymi funkcjami programu memoQ oraz dowiedzieli się, jak w przystępny sposób przekazać tę wiedzę studentom na zajęciach. Zapraszamy na następne warsztaty!</p>
