{"id":2135,"date":"2016-06-17T00:18:56","date_gmt":"2016-06-16T22:18:56","guid":{"rendered":"http:\/\/cteradmin.nazwa.pl\/wp\/?page_id=2135"},"modified":"2017-12-24T00:38:38","modified_gmt":"2017-12-23T23:38:38","slug":"dzien-otwarty-w-ibm","status":"publish","type":"page","link":"https:\/\/cter.edu.pl\/?page_id=2135&lang=pl","title":{"rendered":"Dzie\u0144 otwarty w IBM"},"content":{"rendered":"<p style=\"text-align: justify;\"><strong><img loading=\"lazy\" decoding=\"async\" class=\"wp-image-2136 alignleft\" src=\"http:\/\/cteradmin.nazwa.pl\/wp\/wp-content\/uploads\/2016\/06\/ibm1.jpg\" alt=\"ibm1\" width=\"281\" height=\"158\" srcset=\"https:\/\/cter.edu.pl\/wp-content\/uploads\/2016\/06\/ibm1.jpg 3264w, https:\/\/cter.edu.pl\/wp-content\/uploads\/2016\/06\/ibm1-300x169.jpg 300w, https:\/\/cter.edu.pl\/wp-content\/uploads\/2016\/06\/ibm1-768x432.jpg 768w, https:\/\/cter.edu.pl\/wp-content\/uploads\/2016\/06\/ibm1-1024x576.jpg 1024w, https:\/\/cter.edu.pl\/wp-content\/uploads\/2016\/06\/ibm1-1380x770.jpg 1380w\" sizes=\"auto, (max-width: 281px) 100vw, 281px\" \/><\/strong>18 maja 2016 r. studenci studi\u00f3w przek\u0142adoznawczych UP i UJ wzi\u0119li udzia\u0142 w Dniu Otwartym IBM. Spotkanie rozpocz\u0119\u0142o si\u0119 kr\u00f3tkim quizem na temat firmy IBM: kiedy powsta\u0142 IBM? czy firma zajmuje si\u0119 tylko produkowaniem komputer\u00f3w?<\/p>\n<p style=\"text-align: justify;\">Nast\u0119pnie pracownicy firmy IBM wyja\u015bnili, na czym polega outsourcing proces\u00f3w biznesowych i przygotowali kr\u00f3tkie szkolenie dotycz\u0105ce najwa\u017cniejszych termin\u00f3w z zakresu ksi\u0119gowo\u015bci.<\/p>\n<p style=\"text-align: justify;\">Na spotkanie zostali r\u00f3wnie\u017c zaproszeni pracownicy IBM, kt\u00f3rzy s\u0105 absolwentami krakowskich uczelni i uczestniczyli w programach sta\u017cowych IBM.<\/p>\n<p style=\"text-align: justify;\">Studenci dowiedzieli si\u0119 tak\u017ce, jakie kompetencje s\u0105 najbardziej cenione na rynku us\u0142ug z perspektywy menad\u017cera oraz jakie programy rozwojowe s\u0105 oferowane w IBM, a pod koniec spotkania mieli mo\u017cliwo\u015b\u0107 zapoznania si\u0119 z zasadami rekrutacji w IBM.<\/p>\n<p style=\"text-align: justify;\">Na spotkaniu nie zabrak\u0142o tak\u017ce aspektu j\u0119zykowego. Uczestnicy zastanawiali si\u0119: dlaczego w j\u0119zyku pracownik\u00f3w korporacji wyst\u0119puje tak du\u017co <strong><img loading=\"lazy\" decoding=\"async\" class=\"wp-image-2137 alignright\" src=\"http:\/\/cteradmin.nazwa.pl\/wp\/wp-content\/uploads\/2016\/06\/ibm2.jpg\" alt=\"ibm2\" width=\"279\" height=\"157\" srcset=\"https:\/\/cter.edu.pl\/wp-content\/uploads\/2016\/06\/ibm2.jpg 3264w, https:\/\/cter.edu.pl\/wp-content\/uploads\/2016\/06\/ibm2-300x169.jpg 300w, https:\/\/cter.edu.pl\/wp-content\/uploads\/2016\/06\/ibm2-768x432.jpg 768w, https:\/\/cter.edu.pl\/wp-content\/uploads\/2016\/06\/ibm2-1024x576.jpg 1024w, https:\/\/cter.edu.pl\/wp-content\/uploads\/2016\/06\/ibm2-1380x770.jpg 1380w\" sizes=\"auto, (max-width: 279px) 100vw, 279px\" \/><\/strong>zapo\u017cycze\u0144 z j\u0119zyka angielskiego? Czym zatem r\u00f3\u017cni si\u0119 <em>event <\/em>od spotkania? Dlaczego <em>software <\/em>a nie oprogramowanie? Czy <em>team <\/em>to zesp\u00f3\u0142 czy grupa? Czy <em>supportowa\u0107 <\/em>to po prostu wspiera\u0107? A co z konstrukcjami typu <em>jestem na projekcie niemieckim<\/em>?<\/p>\n<p>&nbsp;<\/p>\n","protected":false},"excerpt":{"rendered":"<p>18 maja 2016 r. studenci studi\u00f3w przek\u0142adoznawczych UP i UJ wzi\u0119li udzia\u0142 w Dniu Otwartym IBM. Spotkanie rozpocz\u0119\u0142o si\u0119 kr\u00f3tkim quizem na temat firmy IBM: kiedy powsta\u0142 IBM? czy firma zajmuje si\u0119 tylko produkowaniem komputer\u00f3w? Nast\u0119pnie pracownicy firmy IBM wyja\u015bnili, na czym polega outsourcing proces\u00f3w biznesowych i przygotowali kr\u00f3tkie szkolenie dotycz\u0105ce najwa\u017cniejszych termin\u00f3w z zakresu &hellip; <a href=\"https:\/\/cter.edu.pl\/?page_id=2135&#038;lang=pl\" class=\"more-link\">Continue reading <span class=\"screen-reader-text\">Dzie\u0144 otwarty w IBM<\/span> <span class=\"meta-nav\">&rarr;<\/span><\/a><\/p>\n","protected":false},"author":1,"featured_media":0,"parent":0,"menu_order":0,"comment_status":"closed","ping_status":"closed","template":"","meta":{"footnotes":""},"class_list":["post-2135","page","type-page","status-publish","hentry"],"_links":{"self":[{"href":"https:\/\/cter.edu.pl\/index.php?rest_route=\/wp\/v2\/pages\/2135","targetHints":{"allow":["GET"]}}],"collection":[{"href":"https:\/\/cter.edu.pl\/index.php?rest_route=\/wp\/v2\/pages"}],"about":[{"href":"https:\/\/cter.edu.pl\/index.php?rest_route=\/wp\/v2\/types\/page"}],"author":[{"embeddable":true,"href":"https:\/\/cter.edu.pl\/index.php?rest_route=\/wp\/v2\/users\/1"}],"replies":[{"embeddable":true,"href":"https:\/\/cter.edu.pl\/index.php?rest_route=%2Fwp%2Fv2%2Fcomments&post=2135"}],"version-history":[{"count":2,"href":"https:\/\/cter.edu.pl\/index.php?rest_route=\/wp\/v2\/pages\/2135\/revisions"}],"predecessor-version":[{"id":3051,"href":"https:\/\/cter.edu.pl\/index.php?rest_route=\/wp\/v2\/pages\/2135\/revisions\/3051"}],"wp:attachment":[{"href":"https:\/\/cter.edu.pl\/index.php?rest_route=%2Fwp%2Fv2%2Fmedia&parent=2135"}],"curies":[{"name":"wp","href":"https:\/\/api.w.org\/{rel}","templated":true}]}}

Dzień otwarty w IBM

<p style="text-align: justify;"><strong><img loading="lazy" decoding="async" class="wp-image-2136 alignleft" src="http://cteradmin.nazwa.pl/wp/wp-content/uploads/2016/06/ibm1.jpg" alt="ibm1" width="281" height="158" srcset="https://cter.edu.pl/wp-content/uploads/2016/06/ibm1.jpg 3264w, https://cter.edu.pl/wp-content/uploads/2016/06/ibm1-300x169.jpg 300w, https://cter.edu.pl/wp-content/uploads/2016/06/ibm1-768x432.jpg 768w, https://cter.edu.pl/wp-content/uploads/2016/06/ibm1-1024x576.jpg 1024w, https://cter.edu.pl/wp-content/uploads/2016/06/ibm1-1380x770.jpg 1380w" sizes="auto, (max-width: 281px) 100vw, 281px" /></strong>18 maja 2016 r. studenci studiów przekładoznawczych UP i UJ wzięli udział w Dniu Otwartym IBM. Spotkanie rozpoczęło się krótkim quizem na temat firmy IBM: kiedy powstał IBM? czy firma zajmuje się tylko produkowaniem komputerów?</p>
<p style="text-align: justify;">Następnie pracownicy firmy IBM wyjaśnili, na czym polega outsourcing procesów biznesowych i przygotowali krótkie szkolenie dotyczące najważniejszych terminów z zakresu księgowości.</p>
<p style="text-align: justify;">Na spotkanie zostali również zaproszeni pracownicy IBM, którzy są absolwentami krakowskich uczelni i uczestniczyli w programach stażowych IBM.</p>
<p style="text-align: justify;">Studenci dowiedzieli się także, jakie kompetencje są najbardziej cenione na rynku usług z perspektywy menadżera oraz jakie programy rozwojowe są oferowane w IBM, a pod koniec spotkania mieli możliwość zapoznania się z zasadami rekrutacji w IBM.</p>
<p style="text-align: justify;">Na spotkaniu nie zabrakło także aspektu językowego. Uczestnicy zastanawiali się: dlaczego w języku pracowników korporacji występuje tak dużo <strong><img loading="lazy" decoding="async" class="wp-image-2137 alignright" src="http://cteradmin.nazwa.pl/wp/wp-content/uploads/2016/06/ibm2.jpg" alt="ibm2" width="279" height="157" srcset="https://cter.edu.pl/wp-content/uploads/2016/06/ibm2.jpg 3264w, https://cter.edu.pl/wp-content/uploads/2016/06/ibm2-300x169.jpg 300w, https://cter.edu.pl/wp-content/uploads/2016/06/ibm2-768x432.jpg 768w, https://cter.edu.pl/wp-content/uploads/2016/06/ibm2-1024x576.jpg 1024w, https://cter.edu.pl/wp-content/uploads/2016/06/ibm2-1380x770.jpg 1380w" sizes="auto, (max-width: 279px) 100vw, 279px" /></strong>zapożyczeń z języka angielskiego? Czym zatem różni się <em>event </em>od spotkania? Dlaczego <em>software </em>a nie oprogramowanie? Czy <em>team </em>to zespół czy grupa? Czy <em>supportować </em>to po prostu wspierać? A co z konstrukcjami typu <em>jestem na projekcie niemieckim</em>?</p>
<p>&nbsp;</p>

<p>18 maja 2016 r. studenci studiów przekładoznawczych UP i UJ wzięli udział w Dniu Otwartym IBM. Spotkanie rozpoczęło się krótkim quizem na temat firmy IBM: kiedy powstał IBM? czy firma zajmuje się tylko produkowaniem komputerów? Następnie pracownicy firmy IBM wyjaśnili, na czym polega outsourcing procesów biznesowych i przygotowali krótkie szkolenie dotyczące najważniejszych terminów z zakresu &hellip; <a href="https://cter.edu.pl/?page_id=2135&#038;lang=pl" class="more-link">Continue reading <span class="screen-reader-text">Dzień otwarty w IBM</span> <span class="meta-nav">&rarr;</span></a></p>
