{"id":2144,"date":"2016-06-17T00:26:42","date_gmt":"2016-06-16T22:26:42","guid":{"rendered":"http:\/\/cteradmin.nazwa.pl\/wp\/?page_id=2144"},"modified":"2017-12-24T13:03:48","modified_gmt":"2017-12-24T12:03:48","slug":"sesja-terminologiczna-2","status":"publish","type":"page","link":"https:\/\/cter.edu.pl\/?page_id=2144&lang=pl","title":{"rendered":"Sesja terminologiczna 2"},"content":{"rendered":"<p>19.05.2016 r.<\/p>\n<p style=\"text-align: justify;\">Drugie spotkanie w ramach sesji terminologicznej zosta\u0142o po\u015bwi\u0119cone zagadnieniu kompetencji t\u0142umaczeniowej\/t\u0142umacza. Pani mgr Katarzyna Kubiszowska przedstawi\u0142a plan swojej pracy doktorskiej dotycz\u0105cej kompetencji autodydaktycznej pocz\u0105tkuj\u0105cych t\u0142umaczy w \u015bwietle bada\u0144 empirycznych. Dyskusja toczy\u0142a si\u0119 wok\u00f3\u0142 zalet i wad samokszta\u0142cenia w edukacji t\u0142umaczy. Nast\u0119pnie uczestnicy spotkania pr\u00f3bowali zdefiniowa\u0107 nast\u0119puj\u0105ce terminy wyst\u0119puj\u0105ce w literaturze przek\u0142adu: kompetencja t\u0142umaczeniowa, kompetencja\/kompetencje t\u0142umacza oraz \u00a0model kompetencyjny.<\/p>\n","protected":false},"excerpt":{"rendered":"<p>19.05.2016 r. Drugie spotkanie w ramach sesji terminologicznej zosta\u0142o po\u015bwi\u0119cone zagadnieniu kompetencji t\u0142umaczeniowej\/t\u0142umacza. Pani mgr Katarzyna Kubiszowska przedstawi\u0142a plan swojej pracy doktorskiej dotycz\u0105cej kompetencji autodydaktycznej pocz\u0105tkuj\u0105cych t\u0142umaczy w \u015bwietle bada\u0144 empirycznych. Dyskusja toczy\u0142a si\u0119 wok\u00f3\u0142 zalet i wad samokszta\u0142cenia w edukacji t\u0142umaczy. Nast\u0119pnie uczestnicy spotkania pr\u00f3bowali zdefiniowa\u0107 nast\u0119puj\u0105ce terminy wyst\u0119puj\u0105ce w literaturze przek\u0142adu: kompetencja t\u0142umaczeniowa, &hellip; <a href=\"https:\/\/cter.edu.pl\/?page_id=2144&#038;lang=pl\" class=\"more-link\">Continue reading <span class=\"screen-reader-text\">Sesja terminologiczna 2<\/span> <span class=\"meta-nav\">&rarr;<\/span><\/a><\/p>\n","protected":false},"author":1,"featured_media":0,"parent":0,"menu_order":0,"comment_status":"closed","ping_status":"closed","template":"","meta":{"footnotes":""},"class_list":["post-2144","page","type-page","status-publish","hentry"],"_links":{"self":[{"href":"https:\/\/cter.edu.pl\/index.php?rest_route=\/wp\/v2\/pages\/2144","targetHints":{"allow":["GET"]}}],"collection":[{"href":"https:\/\/cter.edu.pl\/index.php?rest_route=\/wp\/v2\/pages"}],"about":[{"href":"https:\/\/cter.edu.pl\/index.php?rest_route=\/wp\/v2\/types\/page"}],"author":[{"embeddable":true,"href":"https:\/\/cter.edu.pl\/index.php?rest_route=\/wp\/v2\/users\/1"}],"replies":[{"embeddable":true,"href":"https:\/\/cter.edu.pl\/index.php?rest_route=%2Fwp%2Fv2%2Fcomments&post=2144"}],"version-history":[{"count":2,"href":"https:\/\/cter.edu.pl\/index.php?rest_route=\/wp\/v2\/pages\/2144\/revisions"}],"predecessor-version":[{"id":3114,"href":"https:\/\/cter.edu.pl\/index.php?rest_route=\/wp\/v2\/pages\/2144\/revisions\/3114"}],"wp:attachment":[{"href":"https:\/\/cter.edu.pl\/index.php?rest_route=%2Fwp%2Fv2%2Fmedia&parent=2144"}],"curies":[{"name":"wp","href":"https:\/\/api.w.org\/{rel}","templated":true}]}}

<p>19.05.2016 r.</p>
<p style="text-align: justify;">Drugie spotkanie w ramach sesji terminologicznej zostało poświęcone zagadnieniu kompetencji tłumaczeniowej/tłumacza. Pani mgr Katarzyna Kubiszowska przedstawiła plan swojej pracy doktorskiej dotyczącej kompetencji autodydaktycznej początkujących tłumaczy w świetle badań empirycznych. Dyskusja toczyła się wokół zalet i wad samokształcenia w edukacji tłumaczy. Następnie uczestnicy spotkania próbowali zdefiniować następujące terminy występujące w literaturze przekładu: kompetencja tłumaczeniowa, kompetencja/kompetencje tłumacza oraz  model kompetencyjny.</p>

<p>19.05.2016 r. Drugie spotkanie w ramach sesji terminologicznej zostało poświęcone zagadnieniu kompetencji tłumaczeniowej/tłumacza. Pani mgr Katarzyna Kubiszowska przedstawiła plan swojej pracy doktorskiej dotyczącej kompetencji autodydaktycznej początkujących tłumaczy w świetle badań empirycznych. Dyskusja toczyła się wokół zalet i wad samokształcenia w edukacji tłumaczy. Następnie uczestnicy spotkania próbowali zdefiniować następujące terminy występujące w literaturze przekładu: kompetencja tłumaczeniowa, &hellip; <a href="https://cter.edu.pl/?page_id=2144&#038;lang=pl" class="more-link">Continue reading <span class="screen-reader-text">Sesja terminologiczna 2</span> <span class="meta-nav">&rarr;</span></a></p>
