{"id":2223,"date":"2016-11-25T22:21:08","date_gmt":"2016-11-25T21:21:08","guid":{"rendered":"http:\/\/cteradmin.nazwa.pl\/wp\/?page_id=2223"},"modified":"2018-11-20T02:52:20","modified_gmt":"2018-11-20T01:52:20","slug":"project-terminologiczny","status":"publish","type":"page","link":"https:\/\/cter.edu.pl\/?page_id=2223&lang=pl","title":{"rendered":"Projekt terminologiczny"},"content":{"rendered":"<p style=\"text-align: justify;\">Konsorcjum do Bada\u0144 nad Edukacj\u0105 T\u0142umaczy (CTER) przygotowuje wieloj\u0119zyczny s\u0142ownik termin\u00f3w przek\u0142adoznawczych. W zwi\u0105zku z tym, 21 pa\u017adziernika 2016 roku w Katedrze Bada\u0144 nad Przek\u0142adem i Komunikacj\u0105 Mi\u0119dzykulturow\u0105 Uniwersytetu Jagiello\u0144skiego odby\u0142o si\u0119 Sympozjum Terminologiczne, kt\u00f3re zainicjowa\u0142o wsp\u00f3lne przedsi\u0119wzi\u0119cie cz\u0142onk\u00f3w CTER. W wydarzeniu uczestniczyli uznani polscy badacze przek\u0142adu: honorowy cz\u0142onek Rady Konsultant\u00f3w S\u0142ownika &#8211; prof. dr hab. U. D\u0105mbska-Prokop oraz prof. dr hab. B. Lewandowska-Tomaszczyk (U\u0141), prof. dr hab. T. Tomaszkiewicz (UAM), prof. dr hab. M. Tryuk (UW), \u00a0prof. dr hab. \u0141. Bogucki (U\u0141), dr hab. \u0141. Biel (UW), dr hab. J. Dybiec-Gajer (UP Krak\u00f3w), dr hab. K. Klimkowski (KUL), dr \u0141. J. Berezowski (U\u0141), dr A. Chmiel (UAM) i dr A. Gomola (UJ), kt\u00f3ry pe\u0142ni\u0142 funkcj\u0119 sekretarza Sympozjum. Gospodarzem i koordynatorem spotkania by\u0142a dr hab. prof. UJ M. Piotrowska, przewodnicz\u0105ca CTER.<\/p>\n","protected":false},"excerpt":{"rendered":"<p>Konsorcjum do Bada\u0144 nad Edukacj\u0105 T\u0142umaczy (CTER) przygotowuje wieloj\u0119zyczny s\u0142ownik termin\u00f3w przek\u0142adoznawczych. W zwi\u0105zku z tym, 21 pa\u017adziernika 2016 roku w Katedrze Bada\u0144 nad Przek\u0142adem i Komunikacj\u0105 Mi\u0119dzykulturow\u0105 Uniwersytetu Jagiello\u0144skiego odby\u0142o si\u0119 Sympozjum Terminologiczne, kt\u00f3re zainicjowa\u0142o wsp\u00f3lne przedsi\u0119wzi\u0119cie cz\u0142onk\u00f3w CTER. W wydarzeniu uczestniczyli uznani polscy badacze przek\u0142adu: honorowy cz\u0142onek Rady Konsultant\u00f3w S\u0142ownika &#8211; prof. dr &hellip; <a href=\"https:\/\/cter.edu.pl\/?page_id=2223&#038;lang=pl\" class=\"more-link\">Continue reading <span class=\"screen-reader-text\">Projekt terminologiczny<\/span> <span class=\"meta-nav\">&rarr;<\/span><\/a><\/p>\n","protected":false},"author":1,"featured_media":0,"parent":0,"menu_order":0,"comment_status":"closed","ping_status":"closed","template":"","meta":{"footnotes":""},"class_list":["post-2223","page","type-page","status-publish","hentry"],"_links":{"self":[{"href":"https:\/\/cter.edu.pl\/index.php?rest_route=\/wp\/v2\/pages\/2223","targetHints":{"allow":["GET"]}}],"collection":[{"href":"https:\/\/cter.edu.pl\/index.php?rest_route=\/wp\/v2\/pages"}],"about":[{"href":"https:\/\/cter.edu.pl\/index.php?rest_route=\/wp\/v2\/types\/page"}],"author":[{"embeddable":true,"href":"https:\/\/cter.edu.pl\/index.php?rest_route=\/wp\/v2\/users\/1"}],"replies":[{"embeddable":true,"href":"https:\/\/cter.edu.pl\/index.php?rest_route=%2Fwp%2Fv2%2Fcomments&post=2223"}],"version-history":[{"count":9,"href":"https:\/\/cter.edu.pl\/index.php?rest_route=\/wp\/v2\/pages\/2223\/revisions"}],"predecessor-version":[{"id":3854,"href":"https:\/\/cter.edu.pl\/index.php?rest_route=\/wp\/v2\/pages\/2223\/revisions\/3854"}],"wp:attachment":[{"href":"https:\/\/cter.edu.pl\/index.php?rest_route=%2Fwp%2Fv2%2Fmedia&parent=2223"}],"curies":[{"name":"wp","href":"https:\/\/api.w.org\/{rel}","templated":true}]}}

<p style="text-align: justify;">Konsorcjum do Badań nad Edukacją Tłumaczy (CTER) przygotowuje wielojęzyczny słownik terminów przekładoznawczych. W związku z tym, 21 października 2016 roku w Katedrze Badań nad Przekładem i Komunikacją Międzykulturową Uniwersytetu Jagiellońskiego odbyło się Sympozjum Terminologiczne, które zainicjowało wspólne przedsięwzięcie członków CTER. W wydarzeniu uczestniczyli uznani polscy badacze przekładu: honorowy członek Rady Konsultantów Słownika &#8211; prof. dr hab. U. Dąmbska-Prokop oraz prof. dr hab. B. Lewandowska-Tomaszczyk (UŁ), prof. dr hab. T. Tomaszkiewicz (UAM), prof. dr hab. M. Tryuk (UW),  prof. dr hab. Ł. Bogucki (UŁ), dr hab. Ł. Biel (UW), dr hab. J. Dybiec-Gajer (UP Kraków), dr hab. K. Klimkowski (KUL), dr Ł. J. Berezowski (UŁ), dr A. Chmiel (UAM) i dr A. Gomola (UJ), który pełnił funkcję sekretarza Sympozjum. Gospodarzem i koordynatorem spotkania była dr hab. prof. UJ M. Piotrowska, przewodnicząca CTER.</p>

<p>Konsorcjum do Badań nad Edukacją Tłumaczy (CTER) przygotowuje wielojęzyczny słownik terminów przekładoznawczych. W związku z tym, 21 października 2016 roku w Katedrze Badań nad Przekładem i Komunikacją Międzykulturową Uniwersytetu Jagiellońskiego odbyło się Sympozjum Terminologiczne, które zainicjowało wspólne przedsięwzięcie członków CTER. W wydarzeniu uczestniczyli uznani polscy badacze przekładu: honorowy członek Rady Konsultantów Słownika &#8211; prof. dr &hellip; <a href="https://cter.edu.pl/?page_id=2223&#038;lang=pl" class="more-link">Continue reading <span class="screen-reader-text">Projekt terminologiczny</span> <span class="meta-nav">&rarr;</span></a></p>
