{"id":3520,"date":"2018-05-20T00:21:54","date_gmt":"2018-05-19T22:21:54","guid":{"rendered":"http:\/\/cteradmin.nazwa.pl\/wp\/?page_id=3520"},"modified":"2024-03-18T22:08:30","modified_gmt":"2024-03-18T21:08:30","slug":"cter2019","status":"publish","type":"page","link":"https:\/\/cter.edu.pl\/?page_id=3520&lang=pl","title":{"rendered":"Drugi Kongres CTER 2019"},"content":{"rendered":"<p style=\"text-align: justify;\"><img loading=\"lazy\" decoding=\"async\" class=\"wp-image-3776 size-full aligncenter\" src=\"http:\/\/cteradmin.nazwa.pl\/wp\/wp-content\/uploads\/2018\/05\/cter2019-3.png\" alt=\"\" width=\"419\" height=\"211\" srcset=\"https:\/\/cter.edu.pl\/wp-content\/uploads\/2018\/05\/cter2019-3.png 419w, https:\/\/cter.edu.pl\/wp-content\/uploads\/2018\/05\/cter2019-3-300x151.png 300w, https:\/\/cter.edu.pl\/wp-content\/uploads\/2018\/05\/cter2019-3-372x186.png 372w\" sizes=\"auto, (max-width: 419px) 100vw, 419px\" \/> Witamy na stronie internetowej CTER 2019. Drugi Kongres CTER (CTER 2019) po\u015bwi\u0119cony b\u0119dzie tematyce obejmuj\u0105cej szeroki zakres zagadnie\u0144 zwi\u0105zanych z dydaktyk\u0105 przek\u0142adu, w tym: epistemologicznym podstawom dydaktyki, procesowi dydaktycznemu, stosowanym metodom i narz\u0119dziom oraz badaniom w zakresie dydaktyki przek\u0142adu, a temat przewodni brzmi <strong><em>Z\u0142o\u017cono\u015b\u0107 i dyspersja dydaktyki przek\u0142adu<\/em><\/strong>. Serdecznie zach\u0119camy do zapoznania si\u0119 ze szczeg\u00f3\u0142ami dotycz\u0105cymi organizacji, tematyki i przebiegu kongresu oraz aktywnego udzia\u0142u w roli prelegenta lub uczestnika.<\/p>\n","protected":false},"excerpt":{"rendered":"<p>Witamy na stronie internetowej CTER 2019. Drugi Kongres CTER (CTER 2019) po\u015bwi\u0119cony b\u0119dzie tematyce obejmuj\u0105cej szeroki zakres zagadnie\u0144 zwi\u0105zanych z dydaktyk\u0105 przek\u0142adu, w tym: epistemologicznym podstawom dydaktyki, procesowi dydaktycznemu, stosowanym metodom i narz\u0119dziom oraz badaniom w zakresie dydaktyki przek\u0142adu, a temat przewodni brzmi Z\u0142o\u017cono\u015b\u0107 i dyspersja dydaktyki przek\u0142adu. Serdecznie zach\u0119camy do zapoznania si\u0119 ze szczeg\u00f3\u0142ami &hellip; <a href=\"https:\/\/cter.edu.pl\/?page_id=3520&#038;lang=pl\" class=\"more-link\">Continue reading <span class=\"screen-reader-text\">Drugi Kongres CTER 2019<\/span> <span class=\"meta-nav\">&rarr;<\/span><\/a><\/p>\n","protected":false},"author":1,"featured_media":0,"parent":0,"menu_order":0,"comment_status":"closed","ping_status":"closed","template":"","meta":{"footnotes":""},"class_list":["post-3520","page","type-page","status-publish","hentry"],"_links":{"self":[{"href":"https:\/\/cter.edu.pl\/index.php?rest_route=\/wp\/v2\/pages\/3520","targetHints":{"allow":["GET"]}}],"collection":[{"href":"https:\/\/cter.edu.pl\/index.php?rest_route=\/wp\/v2\/pages"}],"about":[{"href":"https:\/\/cter.edu.pl\/index.php?rest_route=\/wp\/v2\/types\/page"}],"author":[{"embeddable":true,"href":"https:\/\/cter.edu.pl\/index.php?rest_route=\/wp\/v2\/users\/1"}],"replies":[{"embeddable":true,"href":"https:\/\/cter.edu.pl\/index.php?rest_route=%2Fwp%2Fv2%2Fcomments&post=3520"}],"version-history":[{"count":11,"href":"https:\/\/cter.edu.pl\/index.php?rest_route=\/wp\/v2\/pages\/3520\/revisions"}],"predecessor-version":[{"id":3859,"href":"https:\/\/cter.edu.pl\/index.php?rest_route=\/wp\/v2\/pages\/3520\/revisions\/3859"}],"wp:attachment":[{"href":"https:\/\/cter.edu.pl\/index.php?rest_route=%2Fwp%2Fv2%2Fmedia&parent=3520"}],"curies":[{"name":"wp","href":"https:\/\/api.w.org\/{rel}","templated":true}]}}

<p style="text-align: justify;"><img loading="lazy" decoding="async" class="wp-image-3776 size-full aligncenter" src="http://cteradmin.nazwa.pl/wp/wp-content/uploads/2018/05/cter2019-3.png" alt="" width="419" height="211" srcset="https://cter.edu.pl/wp-content/uploads/2018/05/cter2019-3.png 419w, https://cter.edu.pl/wp-content/uploads/2018/05/cter2019-3-300x151.png 300w, https://cter.edu.pl/wp-content/uploads/2018/05/cter2019-3-372x186.png 372w" sizes="auto, (max-width: 419px) 100vw, 419px" /> Witamy na stronie internetowej CTER 2019. Drugi Kongres CTER (CTER 2019) poświęcony będzie tematyce obejmującej szeroki zakres zagadnień związanych z dydaktyką przekładu, w tym: epistemologicznym podstawom dydaktyki, procesowi dydaktycznemu, stosowanym metodom i narzędziom oraz badaniom w zakresie dydaktyki przekładu, a temat przewodni brzmi <strong><em>Złożoność i dyspersja dydaktyki przekładu</em></strong>. Serdecznie zachęcamy do zapoznania się ze szczegółami dotyczącymi organizacji, tematyki i przebiegu kongresu oraz aktywnego udziału w roli prelegenta lub uczestnika.</p>

<p>Witamy na stronie internetowej CTER 2019. Drugi Kongres CTER (CTER 2019) poświęcony będzie tematyce obejmującej szeroki zakres zagadnień związanych z dydaktyką przekładu, w tym: epistemologicznym podstawom dydaktyki, procesowi dydaktycznemu, stosowanym metodom i narzędziom oraz badaniom w zakresie dydaktyki przekładu, a temat przewodni brzmi Złożoność i dyspersja dydaktyki przekładu. Serdecznie zachęcamy do zapoznania się ze szczegółami &hellip; <a href="https://cter.edu.pl/?page_id=3520&#038;lang=pl" class="more-link">Continue reading <span class="screen-reader-text">Drugi Kongres CTER 2019</span> <span class="meta-nav">&rarr;</span></a></p>
