{"id":43,"date":"2014-04-18T19:13:25","date_gmt":"2014-04-18T17:13:25","guid":{"rendered":"http:\/\/cteradmin.nazwa.pl\/wp\/?page_id=43"},"modified":"2025-06-26T11:35:59","modified_gmt":"2025-06-26T09:35:59","slug":"kim-jestesmy","status":"publish","type":"page","link":"https:\/\/cter.edu.pl\/?page_id=43&lang=pl","title":{"rendered":"Zesp\u00f3\u0142 CTER"},"content":{"rendered":"<div style=\"text-align: left;\">\n<div style=\"text-align: center;\">\n<div><strong>Cz\u0142onkowie Za\u0142o\u017cyciele<\/strong><\/div>\n<div>prof.\u00a0 dr hab. Maria Piotrowska<\/div>\n<div>Uniwersytet Jagiello\u0144ski w Krakowie<\/div>\n<div>prof. Don Kiraly<\/div>\n<div>Uniwersytet w Mainz<\/div>\n<div><\/div>\n<\/div>\n<div style=\"text-align: center;\"><strong>Przewodnicz\u0105cy CTER<br \/>\n<\/strong><\/div>\n<div style=\"text-align: center;\">prof. UJ, dr hab. Mariusz Marczak<\/div>\n<div style=\"text-align: center;\"><span style=\"line-height: 1.5;\">Uniwersytet Jagiello\u0144ski w Krakowie<\/span><\/div>\n<\/div>\n<div><\/div>\n<div>\n<div style=\"text-align: center;\"><strong>Honorowa Przewodnicz\u0105ca CTER<br \/>\n<\/strong><\/div>\n<div style=\"text-align: center;\">prof. dr hab. Maria Piotrowska<\/div>\n<div style=\"text-align: center;\">Uniwersytet Jagiello\u0144ski w Krakowie<\/div>\n<div><\/div>\n<\/div>\n<div style=\"text-align: left;\">\n<div style=\"text-align: center;\">\n<div>\n<div>\n<div><strong>Sekretarz CTER<\/strong><\/div>\n<div>dr Urszula Paradowska<\/div>\n<div>Akademia im. Jakuba z Parady\u017ca w Gorzowie<\/div>\n<div><\/div>\n<\/div>\n<\/div>\n<div>\n<div><strong>Redaktor sekcji Konferencje<\/strong><\/div>\n<div>dr hab. Ver\u00f3nica Del Valle Cacela (od 2024 r.)<\/div>\n<div>Uniwersytet Marii Curie-Sk\u0142odowskiej w Lublinie<\/div>\n<\/div>\n<\/div>\n<\/div>\n<div><\/div>\n<div style=\"text-align: left;\">\n<div style=\"text-align: center;\">\n<div>\n<div>\n<div>\n<div>\n<div>\n<div><strong>Specjalistka ds. Zasob\u00f3w Bibliotecznych<\/strong><\/div>\n<div>Renata Ciesielska-Kruczek<\/div>\n<div>Uniwersytet Komisji Edukacji Narodowej w Krakowie<\/div>\n<\/div>\n<\/div>\n<\/div>\n<div><\/div>\n<\/div>\n<div>\n<div><strong>Administrator medi\u00f3w spo\u0142eczno\u015bciowych CTER (FB)<br \/>\n<\/strong><\/div>\n<div>prof. UWr, dr hab. Marcin Walczy\u0144ski<\/div>\n<div>Uniwersytet Wroc\u0142awski<\/div>\n<div><\/div>\n<\/div>\n<div>\n<div><strong>Administrator strony internetowej CTER<br \/>\n<\/strong><\/div>\n<div>prof. UJ, dr hab. Mariusz Marczak<\/div>\n<div>Uniwersytet Jagiello\u0144ski w Krakowie<\/div>\n<div><\/div>\n<\/div>\n<\/div>\n<\/div>\n<\/div>\n<div><\/div>\n<div style=\"text-align: center;\"><span style=\"color: #008080;\"><strong>Cz\u0142onkowie zespo\u0142u w latach ubieg\u0142ych<\/strong><\/span><\/div>\n<div><\/div>\n<div style=\"text-align: left;\">\n<div style=\"text-align: center;\">\n<div>\n<div>Przewodnicz\u0105ca CTER <strong><br \/>\n<\/strong><\/div>\n<div>prof. dr hab. Maria Piotrowska (2014-2023 r.)<\/div>\n<div>Uniwersytet Jagiello\u0144ski w Krakowie<\/div>\n<div><\/div>\n<\/div>\n<div>\n<div>Sekretarze CTER<strong><br \/>\n<\/strong><\/div>\n<div>prof. UJ, dr hab. Mariusz Marczak (2014-2023 r.)<\/div>\n<div>Uniwersytet Jagiello\u0144ski w Krakowie<\/div>\n<div><\/div>\n<div>dr Ma\u0142gorzata Bro\u017cyna (2014-2019 r.)<\/div>\n<div>Uniwersytet Komisji Edukacji Narodowej w Krakowie<\/div>\n<\/div>\n<\/div>\n<\/div>\n","protected":false},"excerpt":{"rendered":"<p>Cz\u0142onkowie Za\u0142o\u017cyciele prof.\u00a0 dr hab. Maria Piotrowska Uniwersytet Jagiello\u0144ski w Krakowie prof. Don Kiraly Uniwersytet w Mainz Przewodnicz\u0105cy CTER prof. UJ, dr hab. Mariusz Marczak Uniwersytet Jagiello\u0144ski w Krakowie Honorowa Przewodnicz\u0105ca CTER prof. dr hab. Maria Piotrowska Uniwersytet Jagiello\u0144ski w Krakowie Sekretarz CTER dr Urszula Paradowska Akademia im. Jakuba z Parady\u017ca w Gorzowie Redaktor sekcji &hellip; <a href=\"https:\/\/cter.edu.pl\/?page_id=43&#038;lang=pl\" class=\"more-link\">Continue reading <span class=\"screen-reader-text\">Zesp\u00f3\u0142 CTER<\/span> <span class=\"meta-nav\">&rarr;<\/span><\/a><\/p>\n","protected":false},"author":1,"featured_media":0,"parent":0,"menu_order":0,"comment_status":"closed","ping_status":"closed","template":"","meta":{"footnotes":""},"class_list":["post-43","page","type-page","status-publish","hentry"],"_links":{"self":[{"href":"https:\/\/cter.edu.pl\/index.php?rest_route=\/wp\/v2\/pages\/43","targetHints":{"allow":["GET"]}}],"collection":[{"href":"https:\/\/cter.edu.pl\/index.php?rest_route=\/wp\/v2\/pages"}],"about":[{"href":"https:\/\/cter.edu.pl\/index.php?rest_route=\/wp\/v2\/types\/page"}],"author":[{"embeddable":true,"href":"https:\/\/cter.edu.pl\/index.php?rest_route=\/wp\/v2\/users\/1"}],"replies":[{"embeddable":true,"href":"https:\/\/cter.edu.pl\/index.php?rest_route=%2Fwp%2Fv2%2Fcomments&post=43"}],"version-history":[{"count":63,"href":"https:\/\/cter.edu.pl\/index.php?rest_route=\/wp\/v2\/pages\/43\/revisions"}],"predecessor-version":[{"id":7533,"href":"https:\/\/cter.edu.pl\/index.php?rest_route=\/wp\/v2\/pages\/43\/revisions\/7533"}],"wp:attachment":[{"href":"https:\/\/cter.edu.pl\/index.php?rest_route=%2Fwp%2Fv2%2Fmedia&parent=43"}],"curies":[{"name":"wp","href":"https:\/\/api.w.org\/{rel}","templated":true}]}}

Zespół CTER

<div style="text-align: left;">
<div style="text-align: center;">
<div><strong>Członkowie Założyciele</strong></div>
<div>prof.  dr hab. Maria Piotrowska</div>
<div>Uniwersytet Jagielloński w Krakowie</div>
<div>prof. Don Kiraly</div>
<div>Uniwersytet w Mainz</div>
<div></div>
</div>
<div style="text-align: center;"><strong>Przewodniczący CTER<br />
</strong></div>
<div style="text-align: center;">prof. UJ, dr hab. Mariusz Marczak</div>
<div style="text-align: center;"><span style="line-height: 1.5;">Uniwersytet Jagielloński w Krakowie</span></div>
</div>
<div></div>
<div>
<div style="text-align: center;"><strong>Honorowa Przewodnicząca CTER<br />
</strong></div>
<div style="text-align: center;">prof. dr hab. Maria Piotrowska</div>
<div style="text-align: center;">Uniwersytet Jagielloński w Krakowie</div>
<div></div>
</div>
<div style="text-align: left;">
<div style="text-align: center;">
<div>
<div>
<div><strong>Sekretarz CTER</strong></div>
<div>dr Urszula Paradowska</div>
<div>Akademia im. Jakuba z Paradyża w Gorzowie</div>
<div></div>
</div>
</div>
<div>
<div><strong>Redaktor sekcji Konferencje</strong></div>
<div>dr hab. Verónica Del Valle Cacela (od 2024 r.)</div>
<div>Uniwersytet Marii Curie-Skłodowskiej w Lublinie</div>
</div>
</div>
</div>
<div></div>
<div style="text-align: left;">
<div style="text-align: center;">
<div>
<div>
<div>
<div>
<div>
<div><strong>Specjalistka ds. Zasobów Bibliotecznych</strong></div>
<div>Renata Ciesielska-Kruczek</div>
<div>Uniwersytet Komisji Edukacji Narodowej w Krakowie</div>
</div>
</div>
</div>
<div></div>
</div>
<div>
<div><strong>Administrator mediów społecznościowych CTER (FB)<br />
</strong></div>
<div>prof. UWr, dr hab. Marcin Walczyński</div>
<div>Uniwersytet Wrocławski</div>
<div></div>
</div>
<div>
<div><strong>Administrator strony internetowej CTER<br />
</strong></div>
<div>prof. UJ, dr hab. Mariusz Marczak</div>
<div>Uniwersytet Jagielloński w Krakowie</div>
<div></div>
</div>
</div>
</div>
</div>
<div></div>
<div style="text-align: center;"><span style="color: #008080;"><strong>Członkowie zespołu w latach ubiegłych</strong></span></div>
<div></div>
<div style="text-align: left;">
<div style="text-align: center;">
<div>
<div>Przewodnicząca CTER <strong><br />
</strong></div>
<div>prof. dr hab. Maria Piotrowska (2014-2023 r.)</div>
<div>Uniwersytet Jagielloński w Krakowie</div>
<div></div>
</div>
<div>
<div>Sekretarze CTER<strong><br />
</strong></div>
<div>prof. UJ, dr hab. Mariusz Marczak (2014-2023 r.)</div>
<div>Uniwersytet Jagielloński w Krakowie</div>
<div></div>
<div>dr Małgorzata Brożyna (2014-2019 r.)</div>
<div>Uniwersytet Komisji Edukacji Narodowej w Krakowie</div>
</div>
</div>
</div>

<p>Członkowie Założyciele prof.  dr hab. Maria Piotrowska Uniwersytet Jagielloński w Krakowie prof. Don Kiraly Uniwersytet w Mainz Przewodniczący CTER prof. UJ, dr hab. Mariusz Marczak Uniwersytet Jagielloński w Krakowie Honorowa Przewodnicząca CTER prof. dr hab. Maria Piotrowska Uniwersytet Jagielloński w Krakowie Sekretarz CTER dr Urszula Paradowska Akademia im. Jakuba z Paradyża w Gorzowie Redaktor sekcji &hellip; <a href="https://cter.edu.pl/?page_id=43&#038;lang=pl" class="more-link">Continue reading <span class="screen-reader-text">Zespół CTER</span> <span class="meta-nav">&rarr;</span></a></p>
