{"id":517,"date":"2015-10-22T17:04:00","date_gmt":"2015-10-22T15:04:00","guid":{"rendered":"http:\/\/cteradmin.nazwa.pl\/wp\/?page_id=517"},"modified":"2024-03-18T22:10:37","modified_gmt":"2024-03-18T21:10:37","slug":"cter2016","status":"publish","type":"page","link":"https:\/\/cter.edu.pl\/?page_id=517&lang=pl","title":{"rendered":"First CTER Congress"},"content":{"rendered":"<p style=\"text-align: center;\"><img loading=\"lazy\" decoding=\"async\" class=\" size-full wp-image-1249 aligncenter\" src=\"http:\/\/cteradmin.nazwa.pl\/wp\/wp-content\/uploads\/2015\/10\/1a2.png\" alt=\"1a\" width=\"499\" height=\"211\" srcset=\"https:\/\/cter.edu.pl\/wp-content\/uploads\/2015\/10\/1a2.png 499w, https:\/\/cter.edu.pl\/wp-content\/uploads\/2015\/10\/1a2-300x127.png 300w\" sizes=\"auto, (max-width: 499px) 100vw, 499px\" \/><\/p>\n<p style=\"text-align: justify;\">Witamy na stronie internetowej CTER 2016. Pierwszy Kongres CTER (CTER 2016) po\u015bwi\u0119cony b\u0119dzie tematyce obejmuj\u0105cej szeroki zakres zagadnie\u0144 zwi\u0105zanych z dydaktyk\u0105 przek\u0142adu, w tym: strony uczestnicz\u0105ce w procesie edukacji t\u0142umacza, tre\u015bci i metody nauczania. Serdecznie zach\u0119camy do zapoznania si\u0119 ze szczeg\u00f3\u0142ami dotycz\u0105cymi organizacji, tematyki i przebiegu kongresu oraz aktywnego udzia\u0142u w tym wydarzeniu w roli prelegenta lub uczestnika.<\/p>\n","protected":false},"excerpt":{"rendered":"<p>Witamy na stronie internetowej CTER 2016. Pierwszy Kongres CTER (CTER 2016) po\u015bwi\u0119cony b\u0119dzie tematyce obejmuj\u0105cej szeroki zakres zagadnie\u0144 zwi\u0105zanych z dydaktyk\u0105 przek\u0142adu, w tym: strony uczestnicz\u0105ce w procesie edukacji t\u0142umacza, tre\u015bci i metody nauczania. Serdecznie zach\u0119camy do zapoznania si\u0119 ze szczeg\u00f3\u0142ami dotycz\u0105cymi organizacji, tematyki i przebiegu kongresu oraz aktywnego udzia\u0142u w tym wydarzeniu w roli &hellip; <a href=\"https:\/\/cter.edu.pl\/?page_id=517&#038;lang=pl\" class=\"more-link\">Continue reading <span class=\"screen-reader-text\">First CTER Congress<\/span> <span class=\"meta-nav\">&rarr;<\/span><\/a><\/p>\n","protected":false},"author":1,"featured_media":0,"parent":0,"menu_order":0,"comment_status":"closed","ping_status":"closed","template":"","meta":{"footnotes":""},"class_list":["post-517","page","type-page","status-publish","hentry"],"_links":{"self":[{"href":"https:\/\/cter.edu.pl\/index.php?rest_route=\/wp\/v2\/pages\/517","targetHints":{"allow":["GET"]}}],"collection":[{"href":"https:\/\/cter.edu.pl\/index.php?rest_route=\/wp\/v2\/pages"}],"about":[{"href":"https:\/\/cter.edu.pl\/index.php?rest_route=\/wp\/v2\/types\/page"}],"author":[{"embeddable":true,"href":"https:\/\/cter.edu.pl\/index.php?rest_route=\/wp\/v2\/users\/1"}],"replies":[{"embeddable":true,"href":"https:\/\/cter.edu.pl\/index.php?rest_route=%2Fwp%2Fv2%2Fcomments&post=517"}],"version-history":[{"count":72,"href":"https:\/\/cter.edu.pl\/index.php?rest_route=\/wp\/v2\/pages\/517\/revisions"}],"predecessor-version":[{"id":7738,"href":"https:\/\/cter.edu.pl\/index.php?rest_route=\/wp\/v2\/pages\/517\/revisions\/7738"}],"wp:attachment":[{"href":"https:\/\/cter.edu.pl\/index.php?rest_route=%2Fwp%2Fv2%2Fmedia&parent=517"}],"curies":[{"name":"wp","href":"https:\/\/api.w.org\/{rel}","templated":true}]}}

<p style="text-align: center;"><img loading="lazy" decoding="async" class=" size-full wp-image-1249 aligncenter" src="http://cteradmin.nazwa.pl/wp/wp-content/uploads/2015/10/1a2.png" alt="1a" width="499" height="211" srcset="https://cter.edu.pl/wp-content/uploads/2015/10/1a2.png 499w, https://cter.edu.pl/wp-content/uploads/2015/10/1a2-300x127.png 300w" sizes="auto, (max-width: 499px) 100vw, 499px" /></p>
<p style="text-align: justify;">Witamy na stronie internetowej CTER 2016. Pierwszy Kongres CTER (CTER 2016) poświęcony będzie tematyce obejmującej szeroki zakres zagadnień związanych z dydaktyką przekładu, w tym: strony uczestniczące w procesie edukacji tłumacza, treści i metody nauczania. Serdecznie zachęcamy do zapoznania się ze szczegółami dotyczącymi organizacji, tematyki i przebiegu kongresu oraz aktywnego udziału w tym wydarzeniu w roli prelegenta lub uczestnika.</p>

<p>Witamy na stronie internetowej CTER 2016. Pierwszy Kongres CTER (CTER 2016) poświęcony będzie tematyce obejmującej szeroki zakres zagadnień związanych z dydaktyką przekładu, w tym: strony uczestniczące w procesie edukacji tłumacza, treści i metody nauczania. Serdecznie zachęcamy do zapoznania się ze szczegółami dotyczącymi organizacji, tematyki i przebiegu kongresu oraz aktywnego udziału w tym wydarzeniu w roli &hellip; <a href="https://cter.edu.pl/?page_id=517&#038;lang=pl" class="more-link">Continue reading <span class="screen-reader-text">First CTER Congress</span> <span class="meta-nav">&rarr;</span></a></p>
