{"id":54,"date":"2014-04-18T19:25:48","date_gmt":"2014-04-18T17:25:48","guid":{"rendered":"http:\/\/cteradmin.nazwa.pl\/wp\/?page_id=54"},"modified":"2025-01-15T11:59:52","modified_gmt":"2025-01-15T10:59:52","slug":"nasza-misja","status":"publish","type":"page","link":"https:\/\/cter.edu.pl\/?page_id=54&lang=pl","title":{"rendered":"IV Kongres CTER, 17-18 marca 2025"},"content":{"rendered":"\n<p><a href=\"http:\/\/cter.edu.pl\/czwarty-kongres-cter-2025\/\"><img loading=\"lazy\" decoding=\"async\" class=\"size-full wp-image-6003 aligncenter\" src=\"http:\/\/cter.edu.pl\/wp-content\/uploads\/2024\/03\/CTER2025_logo.jpg\" alt=\"\" width=\"1104\" height=\"275\" srcset=\"https:\/\/cter.edu.pl\/wp-content\/uploads\/2024\/03\/CTER2025_logo.jpg 1104w, https:\/\/cter.edu.pl\/wp-content\/uploads\/2024\/03\/CTER2025_logo-300x75.jpg 300w, https:\/\/cter.edu.pl\/wp-content\/uploads\/2024\/03\/CTER2025_logo-1024x255.jpg 1024w, https:\/\/cter.edu.pl\/wp-content\/uploads\/2024\/03\/CTER2025_logo-768x191.jpg 768w\" sizes=\"auto, (max-width: 1104px) 100vw, 1104px\" \/><\/a><\/p>\n\n\n\n<h1>Nasza misja<\/h1>\n\n\n<p style=\"text-align: justify;\"><span style=\"color: #000000;\"><strong><a href=\"http:\/\/cteradmin.nazwa.pl\/wp\/wp-content\/uploads\/2015\/02\/ludzie_Fotolia_11582797_XS-1.jpg\"><img loading=\"lazy\" decoding=\"async\" class=\"alignleft wp-image-337 \" src=\"http:\/\/cteradmin.nazwa.pl\/wp\/wp-content\/uploads\/2015\/02\/ludzie_Fotolia_11582797_XS-1-300x200.jpg\" alt=\"\" width=\"254\" height=\"169\" srcset=\"https:\/\/cter.edu.pl\/wp-content\/uploads\/2015\/02\/ludzie_Fotolia_11582797_XS-1-300x200.jpg 300w, https:\/\/cter.edu.pl\/wp-content\/uploads\/2015\/02\/ludzie_Fotolia_11582797_XS-1.jpg 424w\" sizes=\"auto, (max-width: 254px) 100vw, 254px\" \/><\/a><\/strong> Konsorcjum do Bada\u0144 nad Edukacj\u0105 T\u0142umaczy powsta\u0142o z my\u015bl\u0105 o konsolidacji do\u015bwiadcze\u0144 i osi\u0105gni\u0119\u0107 os\u00f3b, organizacji i instytucji zaanga\u017cowanych w proces kszta\u0142cenia t\u0142umaczy. Celem dzia\u0142ania konsorcjum jest ustanowienie wsp\u00f3\u0142pracy i umo\u017cliwienie wzajemnej wymiany do\u015bwiadcze\u0144 pomi\u0119dzy cz\u0142onkami wielokulturowej spo\u0142eczno\u015bci zajmuj\u0105cej si\u0119 edukacj\u0105 t\u0142umaczy, co ma si\u0119 przyczyni\u0107 do budowania statusu naukowego studi\u00f3w przek\u0142adoznawczych i do uczynienia z nich w pe\u0142ni profesjonalnej i uznanej dyscypliny naukowej. Jeste\u015bmy otwarci na podejmowanie dzia\u0142a\u0144 badawczych w oparciu o szeroki wachlarz perspektyw, w tym m.in. historyczn\u0105, epistemologiczn\u0105, socjologiczn\u0105,\u00a0 j\u0119zykow\u0105, zawodow\u0105 i praktyczn\u0105.<\/span><\/p>\n<p style=\"text-align: center;\"><button class=\"responsivevoice-button\" type=\"button\" title=\"ResponsiveVoice Tap to Start\/Stop Speech\" data-rvtts-action=\"speak\" data-rvtts-text=\"Nasza misja Konsorcjum do Bada\u0144 nad Edukacj\u0105 T\u0142umaczy powsta\u0142o z my\u015bl\u0105 o konsolidacji do\u015bwiadcze\u0144 i osi\u0105gni\u0119\u0107 os\u00f3b, organizacji i instytucji zaanga\u017cowanych w proces kszta\u0142cenia t\u0142umaczy. Celem dzia\u0142ania konsorcjum jest ustanowienie wsp\u00f3\u0142pracy i umo\u017cliwienie wzajemnej wymiany do\u015bwiadcze\u0144 pomi\u0119dzy cz\u0142onkami wielokulturowej spo\u0142eczno\u015bci zajmuj\u0105cej si\u0119 edukacj\u0105 t\u0142umaczy, co ma si\u0119 przyczyni\u0107 do budowania statusu naukowego studi\u00f3w przek\u0142adoznawczych i do uczynienia z nich w pe\u0142ni profesjonalnej i uznanej dyscypliny naukowej. Jeste\u015bmy otwarci na podejmowanie dzia\u0142a\u0144 badawczych w oparciu o szeroki wachlarz perspektyw, w tym m.in. historyczn\u0105, epistemologiczn\u0105, socjologiczn\u0105,\u00a0 j\u0119zykow\u0105, zawodow\u0105 i praktyczn\u0105.\" data-rvtts-voice=\"Polish Female\" data-rvtts-brand-url=\"https:\/\/responsivevoice.org\/?utm_source=wordpress-plugin&amp;utm_medium=referral&amp;utm_campaign=powered-by\" data-rvtts-brand-label=\"Powered by ResponsiveVoice\"><svg class=\"rvtts-icon\" width=\"22\" height=\"22\" viewBox=\"0 0 22 22\" fill=\"currentColor\" aria-hidden=\"true\" focusable=\"false\"><path fill-rule=\"evenodd\" clip-rule=\"evenodd\" d=\"M11 0C4.92345 0 0 4.92345 0 11C0 13.2683 0.690345 15.3772 1.86621 17.1221L0.811724 21.0517L4.70345 20.0124C6.48621 21.2641 8.65586 22 11 22C17.0766 22 22 17.0766 22 11C22 4.92345 17.0766 0 11 0ZM3.99793 9.99862C3.99793 9.44483 4.44552 8.99724 4.99931 8.99724C5.5531 8.99724 6.00069 9.44483 6.00069 9.99862V12.0014C6.00069 12.5552 5.5531 13.0028 4.99931 13.0028C4.44552 13.0028 3.99793 12.5552 3.99793 12.0014V9.99862ZM8.99724 13.9966C8.99724 14.5503 8.54966 14.9979 7.99586 14.9979C7.44207 14.9979 6.99448 14.5503 6.99448 13.9966V7.99586C6.99448 7.44207 7.44207 6.99448 7.99586 6.99448C8.54966 6.99448 8.99724 7.44207 8.99724 7.99586V13.9966ZM12.0014 17.0007C12.0014 17.5545 11.5538 18.0021 11 18.0021C10.4462 18.0021 9.99862 17.5545 9.99862 17.0007V4.99931C9.99862 4.44552 10.4462 3.99793 11 3.99793C11.5538 3.99793 12.0014 4.44552 12.0014 4.99931V17.0007ZM14.9979 13.9966C14.9979 14.5503 14.5503 14.9979 13.9966 14.9979C13.4428 14.9979 12.9952 14.5503 12.9952 13.9966V7.99586C12.9952 7.44207 13.4428 6.99448 13.9966 6.99448C14.5503 6.99448 14.9979 7.44207 14.9979 7.99586V13.9966ZM18.0021 12.0014C18.0021 12.5552 17.5545 13.0028 17.0007 13.0028C16.4469 13.0028 15.9993 12.5552 15.9993 12.0014V9.99862C15.9993 9.44483 16.4469 8.99724 17.0007 8.99724C17.5545 8.99724 18.0021 9.44483 18.0021 9.99862V12.0014Z\"\/><\/svg><span class=\"responsivevoice-button__label\">Wys\u0142uchaj tekstu<\/span><\/button><\/p>","protected":false},"excerpt":{"rendered":"<p>Konsorcjum do Bada\u0144 nad Edukacj\u0105 T\u0142umaczy powsta\u0142o z my\u015bl\u0105 o konsolidacji do\u015bwiadcze\u0144 i osi\u0105gni\u0119\u0107 os\u00f3b, organizacji i instytucji zaanga\u017cowanych w proces kszta\u0142cenia t\u0142umaczy. Celem dzia\u0142ania konsorcjum jest ustanowienie wsp\u00f3\u0142pracy i umo\u017cliwienie wzajemnej wymiany do\u015bwiadcze\u0144 pomi\u0119dzy cz\u0142onkami wielokulturowej spo\u0142eczno\u015bci zajmuj\u0105cej si\u0119 edukacj\u0105 t\u0142umaczy, co ma si\u0119 przyczyni\u0107 do budowania statusu naukowego studi\u00f3w przek\u0142adoznawczych i do uczynienia &hellip; <a href=\"https:\/\/cter.edu.pl\/?page_id=54&#038;lang=pl\" class=\"more-link\">Continue reading <span class=\"screen-reader-text\">IV Kongres CTER, 17-18 marca 2025<\/span> <span class=\"meta-nav\">&rarr;<\/span><\/a><\/p>\n","protected":false},"author":1,"featured_media":0,"parent":0,"menu_order":0,"comment_status":"closed","ping_status":"closed","template":"","meta":{"footnotes":""},"class_list":["post-54","page","type-page","status-publish","hentry"],"_links":{"self":[{"href":"https:\/\/cter.edu.pl\/index.php?rest_route=\/wp\/v2\/pages\/54","targetHints":{"allow":["GET"]}}],"collection":[{"href":"https:\/\/cter.edu.pl\/index.php?rest_route=\/wp\/v2\/pages"}],"about":[{"href":"https:\/\/cter.edu.pl\/index.php?rest_route=\/wp\/v2\/types\/page"}],"author":[{"embeddable":true,"href":"https:\/\/cter.edu.pl\/index.php?rest_route=\/wp\/v2\/users\/1"}],"replies":[{"embeddable":true,"href":"https:\/\/cter.edu.pl\/index.php?rest_route=%2Fwp%2Fv2%2Fcomments&post=54"}],"version-history":[{"count":64,"href":"https:\/\/cter.edu.pl\/index.php?rest_route=\/wp\/v2\/pages\/54\/revisions"}],"predecessor-version":[{"id":6522,"href":"https:\/\/cter.edu.pl\/index.php?rest_route=\/wp\/v2\/pages\/54\/revisions\/6522"}],"wp:attachment":[{"href":"https:\/\/cter.edu.pl\/index.php?rest_route=%2Fwp%2Fv2%2Fmedia&parent=54"}],"curies":[{"name":"wp","href":"https:\/\/api.w.org\/{rel}","templated":true}]}}

<p><a href="http://cter.edu.pl/czwarty-kongres-cter-2025/"><img loading="lazy" decoding="async" class="size-full wp-image-6003 aligncenter" src="http://cter.edu.pl/wp-content/uploads/2024/03/CTER2025_logo.jpg" alt="" width="1104" height="275" srcset="https://cter.edu.pl/wp-content/uploads/2024/03/CTER2025_logo.jpg 1104w, https://cter.edu.pl/wp-content/uploads/2024/03/CTER2025_logo-300x75.jpg 300w, https://cter.edu.pl/wp-content/uploads/2024/03/CTER2025_logo-1024x255.jpg 1024w, https://cter.edu.pl/wp-content/uploads/2024/03/CTER2025_logo-768x191.jpg 768w" sizes="auto, (max-width: 1104px) 100vw, 1104px" /></a></p>



<h1>Nasza misja</h1>


<p style="text-align: justify;"><span style="color: #000000;"><strong><a href="http://cteradmin.nazwa.pl/wp/wp-content/uploads/2015/02/ludzie_Fotolia_11582797_XS-1.jpg"><img loading="lazy" decoding="async" class="alignleft wp-image-337 " src="http://cteradmin.nazwa.pl/wp/wp-content/uploads/2015/02/ludzie_Fotolia_11582797_XS-1-300x200.jpg" alt="" width="254" height="169" srcset="https://cter.edu.pl/wp-content/uploads/2015/02/ludzie_Fotolia_11582797_XS-1-300x200.jpg 300w, https://cter.edu.pl/wp-content/uploads/2015/02/ludzie_Fotolia_11582797_XS-1.jpg 424w" sizes="auto, (max-width: 254px) 100vw, 254px" /></a></strong> Konsorcjum do Badań nad Edukacją Tłumaczy powstało z myślą o konsolidacji doświadczeń i osiągnięć osób, organizacji i instytucji zaangażowanych w proces kształcenia tłumaczy. Celem działania konsorcjum jest ustanowienie współpracy i umożliwienie wzajemnej wymiany doświadczeń pomiędzy członkami wielokulturowej społeczności zajmującej się edukacją tłumaczy, co ma się przyczynić do budowania statusu naukowego studiów przekładoznawczych i do uczynienia z nich w pełni profesjonalnej i uznanej dyscypliny naukowej. Jesteśmy otwarci na podejmowanie działań badawczych w oparciu o szeroki wachlarz perspektyw, w tym m.in. historyczną, epistemologiczną, socjologiczną,  językową, zawodową i praktyczną.</span></p>
<p style="text-align: center;"><button class="responsivevoice-button" type="button" title="ResponsiveVoice Tap to Start/Stop Speech" data-rvtts-action="speak" data-rvtts-text="Nasza misja Konsorcjum do Badań nad Edukacją Tłumaczy powstało z myślą o konsolidacji doświadczeń i osiągnięć osób, organizacji i instytucji zaangażowanych w proces kształcenia tłumaczy. Celem działania konsorcjum jest ustanowienie współpracy i umożliwienie wzajemnej wymiany doświadczeń pomiędzy członkami wielokulturowej społeczności zajmującej się edukacją tłumaczy, co ma się przyczynić do budowania statusu naukowego studiów przekładoznawczych i do uczynienia z nich w pełni profesjonalnej i uznanej dyscypliny naukowej. Jesteśmy otwarci na podejmowanie działań badawczych w oparciu o szeroki wachlarz perspektyw, w tym m.in. historyczną, epistemologiczną, socjologiczną,  językową, zawodową i praktyczną." data-rvtts-voice="Polish Female" data-rvtts-brand-url="https://responsivevoice.org/?utm_source=wordpress-plugin&amp;utm_medium=referral&amp;utm_campaign=powered-by" data-rvtts-brand-label="Powered by ResponsiveVoice"><svg class="rvtts-icon" width="22" height="22" viewBox="0 0 22 22" fill="currentColor" aria-hidden="true" focusable="false"><path fill-rule="evenodd" clip-rule="evenodd" d="M11 0C4.92345 0 0 4.92345 0 11C0 13.2683 0.690345 15.3772 1.86621 17.1221L0.811724 21.0517L4.70345 20.0124C6.48621 21.2641 8.65586 22 11 22C17.0766 22 22 17.0766 22 11C22 4.92345 17.0766 0 11 0ZM3.99793 9.99862C3.99793 9.44483 4.44552 8.99724 4.99931 8.99724C5.5531 8.99724 6.00069 9.44483 6.00069 9.99862V12.0014C6.00069 12.5552 5.5531 13.0028 4.99931 13.0028C4.44552 13.0028 3.99793 12.5552 3.99793 12.0014V9.99862ZM8.99724 13.9966C8.99724 14.5503 8.54966 14.9979 7.99586 14.9979C7.44207 14.9979 6.99448 14.5503 6.99448 13.9966V7.99586C6.99448 7.44207 7.44207 6.99448 7.99586 6.99448C8.54966 6.99448 8.99724 7.44207 8.99724 7.99586V13.9966ZM12.0014 17.0007C12.0014 17.5545 11.5538 18.0021 11 18.0021C10.4462 18.0021 9.99862 17.5545 9.99862 17.0007V4.99931C9.99862 4.44552 10.4462 3.99793 11 3.99793C11.5538 3.99793 12.0014 4.44552 12.0014 4.99931V17.0007ZM14.9979 13.9966C14.9979 14.5503 14.5503 14.9979 13.9966 14.9979C13.4428 14.9979 12.9952 14.5503 12.9952 13.9966V7.99586C12.9952 7.44207 13.4428 6.99448 13.9966 6.99448C14.5503 6.99448 14.9979 7.44207 14.9979 7.99586V13.9966ZM18.0021 12.0014C18.0021 12.5552 17.5545 13.0028 17.0007 13.0028C16.4469 13.0028 15.9993 12.5552 15.9993 12.0014V9.99862C15.9993 9.44483 16.4469 8.99724 17.0007 8.99724C17.5545 8.99724 18.0021 9.44483 18.0021 9.99862V12.0014Z"/></svg><span class="responsivevoice-button__label">Wysłuchaj tekstu</span></button></p>

<p>Konsorcjum do Badań nad Edukacją Tłumaczy powstało z myślą o konsolidacji doświadczeń i osiągnięć osób, organizacji i instytucji zaangażowanych w proces kształcenia tłumaczy. Celem działania konsorcjum jest ustanowienie współpracy i umożliwienie wzajemnej wymiany doświadczeń pomiędzy członkami wielokulturowej społeczności zajmującej się edukacją tłumaczy, co ma się przyczynić do budowania statusu naukowego studiów przekładoznawczych i do uczynienia &hellip; <a href="https://cter.edu.pl/?page_id=54&#038;lang=pl" class="more-link">Continue reading <span class="screen-reader-text">IV Kongres CTER, 17-18 marca 2025</span> <span class="meta-nav">&rarr;</span></a></p>
